01 is divided by 136.
57
What is the remainder when 6536 is divided by 13?
10
What is the remainder when 80964 is divided by 443?
338
What is the remainder when 3824 is divided by 344?
40
What is the remainder when 206208 is divided by 5?
3
What is the remainder when 2893 is divided by 467?
91
Calculate the remainder when 62209 is divided by 103.
100
Calculate the remainder when 194916 is divided by 21.
15
What is the remainder when 2486 is divided by 339?
113
What is the remainder when 725064 is divided by 2778?
6
Calculate the remainder when 40801 is divided by 728.
33
What is the remainder when 2947 is divided by 734?
11
What is the remainder when 291592 is divided by 72872?
104
What is the remainder when 20543 is divided by 75?
68
What is the remainder when 3623 is divided by 1649?
325
What is the remainder when 3750028 is divided by 86?
84
What is the remainder when 20434 is divided by 26?
24
What is the remainder when 13963 is divided by 13907?
56
Calculate the remainder when 341 is divided by 313.
28
Calculate the remainder when 181917 is divided by 48.
45
Calculate the remainder when 8744 is divided by 257.
6
What is the remainder when 112 is divided by 32?
16
What is the remainder when 20463 is divided by 227?
33
What is the remainder when 4956 is divided by 311?
291
What is the remainder when 77514 is divided by 17?
11
What is the remainder when 15473 is divided by 342?
83
What is the remainder when 1029 is divided by 11?
6
What is the remainder when 2617 is divided by 38?
33
Calculate the remainder when 25466 is divided by 350.
266
What is the remainder when 140471 is divided by 32?
23
What is the remainder when 4164581 is divided by 471?
470
Calculate the remainder when 178551 is divided by 88.
87
What is the remainder when 2415000 is divided by 547?
542
What is the remainder when 190704 is divided by 78?
72
Calculate the remainder when 53 is divided by 42.
11
What is the remainder when 2284 is divided by 74?
64
Calculate the remainder when 22345 is divided by 298.
293
Calculate the remainder when 777196 is divided by 301.
14
Calculate the remainder when 1894715 is divided by 10.
5
Calculate the remainder when 5232 is divided by 2.
0
What is the remainder when 27347 is divided by 33?
23
What is the remainder when 1942 is divided by 249?
199
What is the remainder when 75973 is divided by 149?
132
What is the remainder when 60688 is divided by 7584?
16
What is the remainder when 3394 is divided by 70?
34
What is the remainder when 6751 is divided by 1130?
1101
What is the remainder when 9332 is divided by 193?
68
What is the remainder when 12338 is divided by 66?
62
What is the remainder when 238751 is divided by 379?
360
What is the remainder when 30893 is divided by 10290?
23
What is the remainder when 6826 is divided by 3402?
22
Calculate the remainder when 3307 is divided by 374.
315
What is the remainder when 95174 is divided by 8?
6
What is the remainder when 5613 is divided by 433?
417
Calculate the remainder when 211 is divided by 139.
72
What is the remainder when 5177 is divided by 646?
9
What is the remainder when 51848 is divided by 10359?
53
What is the remainder when 185157 is divided by 119?
112
What is the remainder when 97779 is divided by 252?
3
Calculate the remainder when 13325 is divided by 1214.
1185
Calculate the remainder when 46397 is divided by 89.
28
Calculate the remainder when 73283 is divided by 643.
624
What is the remainder when 1096 is divided by 1000?
96
Calculate the remainder when 3035 is divided by 751.
31
Calculate the remainder when 13417 is divided by 61.
58
Calculate the remainder when 46075 is divided by 229.
46
What is the remainder when 1166 is divided by 24?
14
Calculate the remainder when 427615 is divided by 32.
31
Calculate the remainder when 898 is divided by 286.
40
What is the remainder when 24715 is divided by 100?
15
What is the remainder when 4485 is divided by 429?
195
What is the remainder when 119249 is divided by 228?
5
Calculate the remainder when 187693 is divided by 14436.
25
What is the remainder when 111588 is divided by 28?
8
Calculate the remainder when 3177 is divided by 1517.
143
Calculate the remainder when 204142 is divided by 222.
124
Calculate the remainder when 34509 is divided by 34496.
13
Calculate the remainder when 70898 is divided by 621.
104
Calculate the remainder when 12462 is divided by 3111.
18
Calculate the remainder when 1305 is divided by 570.
165
Calculate the remainder when 29601 is divided by 988.
949
Calculate the remainder when 68467 is divided by 323.
314
Calculate the remainder when 1144 is divided by 154.
66
Calculate the remainder when 467121 is divided by 6.
3
Calculate the remainder when 66728 is divided by 996.
992
What is the remainder when 669 is divided by 56?
53
Calculate the remainder when 4872 is divided by 858.
582
Calculate the remainder when 9633 is divided by 1203.
9
Calculate the remainder when 5308 is divided by 1428.
1024
What is the remainder when 25598 is divided by 14?
6
What is the remainder when 435915 is divided by 407?
18
What is the remainder when 271 is divided by 20?
11
What is the remainder when 69508 is divided by 331?
329
What is the remainder when 26771 is divided by 7?
3
What is the remainder when 1877 is divided by 923?
31
What is the remainder when 3669 is divided by 195?
159
Calculate the remainder when 9004 is divided by 4.
0
What is the remainder when 4175 is divided by 231?
17
Calculate the remainder when 288451 is divided by 57689.
6
Calculate the remainder when 19799 is divided by 271.
16
What is the remainder when 8502 is divided by 477?
393
What is the remainder when 7368 is divided by 223?
9
What is the remainder when 30151 is divided by 7537?
3
What is the remainder when 1133 is divided by 658?
475
Calculate the remainder when 24358 is divided by 1106.
26
Calculate the remainder when 3802 is divided by 357.
232
Calculate the remainder when 1417018 is divided by 627.
625
What is the remainder when 4024 is divided by 1320?
64
What is the remainder when 280698 is divided by 802?
800
What is the remainder when 119681 is divided by 692?
657
What is the remainder when 1360 is divided by 422?
94
Calculate the remainder when 4080 is divided by 3904.
176
Calculate the remainder when 11344 is divided by 93.
91
What is the remainder when 6882 is divided by 313?
309
Calculate the remainder when 2128 is divided by 192.
16
Calculate the remainder when 702911 is divided by 12.
11
What is the remainder when 1516 is divided by 1227?
289
Calculate the remainder when 47771 is divided by 214.
49
Calculate the remainder when 9089 is divided by 4200.
689
What is the remainder when 124995 is divided by 129?
123
Calculate the remainder when 37486 is divided by 284.
282
Calculate the remainder when 625469 is divided by 9.
5
What is the remainder when 1603682 is divided by 3362?
8
What is the remainder when 382513 is divided by 20?
13
Calculate the remainder when 1617129 is divided by 89.
88
Calculate the remainder when 77897 is divided by 31.
25
What is the remainder when 20288 is divided by 257?
242
What is the remainder when 14449 is divided by 18?
13
What is the remainder when 1540 is divided by 142?
120
What is the remainder when 3330 is divided by 56?
26
Calculate the remainder when 23746 is divided by 187.
184
What is the remainder when 2441 is divided by 85?
61
Calculate the remainder when 3136 is divided by 1044.
4
Calculate the remainder when 1209 is divided by 279.
93
What is the remainder when 9768 is divided by 3229?
81
What is the remainder when 1632 is divided by 370?
152
What is the remainder when 141814 is divided by 395?
9
Calculate the remainder when 2771 is divided by 959.
853
What is the remainder when 43870 is divided by 43817?
53
What is the remainder when 886569 is divided by 18?
15
What is the remainder when 2248 is divided by 2125?
123
What is the remainder when 119135 is divided by 1893?
1769
What is the remainder when 356822 is divided by 94?
92
Calculate the remainder when 71236 is divided by 25.
11
Calculate the remainder when 127703 is divided by 323.
118
What is the remainder when 9944 is divided by 755?
129
What is the remainder when 2731 is divided by 1345?
41
What is the remainder when